culate h(24).
1
Let w(a) = 3508*a - 189457. Give w(54).
-25
Let u(a) = -13490*a + 40602. Determine u(3).
132
Let p(i) = -113*i - 3753. Determine p(-33).
-24
Let j(r) = -2*r**3 + 151*r**2 - 357*r - 160. Determine j(73).
424
Let f(r) = -196*r**2 + 29808*r - 2452. Determine f(152).
-20
Let o(h) = 611*h + 50068. Give o(-82).
-34
Let h(c) = -c**2 - 7695*c + 161966. Determine h(21).
-70
Let k(a) = -2*a**3 + 44*a**2 - 6*a - 1. What is k(22)?
-133
Let h(x) = 2673*x + 954278. Give h(-357).
17
Let l(j) = 531*j**2 + 14346*j + 109. Give l(-27).
-134
Let v(l) = -31*l**2 - 1799*l - 89. Determine v(-58).
-31
Let d(x) = 6500*x - 552513. Determine d(85).
-13
Let c(k) = -16669*k - 48609. What is c(-3)?
1398
Let j(s) = -s**3 - 2*s**2 + 4338*s + 34769. Determine j(-8).
449
Let l(r) = 3443*r + 1156844. Calculate l(-336).
-4
Let x(h) = -1678*h + 20057. Calculate x(12).
-79
Let f(p) = 24*p**3 + 79*p**2 + 167*p + 501. Calculate f(-3).
63
Let q(r) = 19*r**3 + 13*r**2 - 5*r - 112. What is q(3)?
503
Let s(r) = 1317*r**3 - 19758*r**2 + 51*r - 39. Give s(15).
51
Let q(h) = 85*h + 11484. Calculate q(-135).
9
Let n(x) = -x**3 + 36*x**2 - 74*x + 47. Give n(34).
-157
Let y(c) = 919*c + 348415. Give y(-379).
114
Let j(x) = 5338*x + 491144. What is j(-92)?
48
Let i(x) = 76027*x + 304102. Give i(-4).
-6
Let x(i) = 68*i**2 - 2453*i + 236. Calculate x(36).
56
Let q(a) = 14903*a**2 - 44716*a - 18. Give q(3).
-39
Let b(z) = -4*z**3 + 2*z**2 + 178*z - 346. Determine b(2).
-14
Let u(l) = 222*l - 8345. Calculate u(36).
-353
Let t(g) = -176612*g + 1236242. Give t(7).
-42
Let r(f) = -152*f + 4177. What is r(27)?
73
Let r(d) = -34*d**2 + 1288*d + 24. Give r(38).
-128
Let l(j) = 2*j**3 + 113*j**2 - 184*j + 85. Give l(-58).
665
Let f(h) = 8781*h - 88025. What is f(10)?
-215
Let r(k) = -k**3 + 104*k**2 + 332*k - 1060. Calculate r(107).
117
Let c(x) = 2*x**2 - 1544*x - 24999. Determine c(-16).
217
Let y(b) = b**3 + 99*b**2 + 89*b - 10192. Calculate y(-97).
-7
Let k(w) = 61177*w + 61151. What is k(-1)?
-26
Let j(m) = m**3 + 132*m**2 + 291*m + 20951. Give j(-131).
-9
Let f(g) = -4*g**3 - 239*g**2 + 124*g + 3260. Determine f(-60).
-580
Let o(d) = 42*d + 471. Calculate o(-13).
-75
Let p(a) = -a**3 + 306*a**2 + 599*a + 5175. Give p(308).
-61
Let g(s) = -12902*s - 51691. Calculate g(-4).
-83
Let b(k) = k**3 - 22*k**2 + 73*k + 314. Calculate b(8).
2
Let u(o) = -o**3 + 162*o**2 + 46*o - 7782. Calculate u(162).
-330
Let j(u) = -u**3 + 1539*u**2 - 4610*u + 9. Give j(3).
3
Let j(m) = -m**3 + 143*m**2 + 4592*m - 368. Give j(170).
-28
Let o(v) = 36*v**2 - 461*v + 1232. Calculate o(9).
-1
Let h(y) = -y**3 + 38*y**2 + 59*y + 7. What is h(39)?
787
Let h(i) = 7*i**2 - 2782*i - 39073. Calculate h(-14).
1247
Let p(o) = -997*o - 331002. Give p(-332).
2
Let l(f) = f**2 - 776*f - 1304. Calculate l(0).
-1304
Let y(k) = 879*k + 62049. Determine y(-71).
-360
Let x(p) = 286103*p + 1430405. Determine x(-5).
-110
Let z(g) = -31*g - 926. Calculate z(-27).
-89
Let n(j) = -j**2 - 631*j - 95864. Determine n(-255).
16
Let s(w) = w**3 + w**2 - 157*w + 606. Give s(8).
-74
Let w(t) = t**3 + 23142*t**2 + 184992*t - 646. What is w(-8)?
-6
Let f(g) = -7*g**2 + 1051*g + 6414. Give f(-6).
-144
Let d(r) = -1262*r + 198161. What is d(157)?
27
Let o(a) = 3*a**3 + 156*a**2 + 165*a - 353. Determine o(-51).
-965
Let t(v) = 12*v**2 + 3944*v - 13305. Give t(-332).
-25
Let w(g) = -76*g**2 - 2057*g - 1107. Determine w(-25).
2818
Let b(j) = -18616*j + 428160. Determine b(23).
-8
Let l(q) = -2*q**2 + 1272*q + 3839. Calculate l(-3).
5
Let d(n) = 1308*n + 61455. What is d(-47)?
-21
Let p(r) = -25*r**3 - 312*r**2 - 739*r - 5. Determine p(-6).
-1403
Let u(c) = -6114*c + 79365. Calculate u(13).
-117
Let k(f) = -11545*f - 46129. Calculate k(-4).
51
Let j(q) = 6145*q - 215048. Determine j(35).
27
Let d(g) = 107*g - 351. Give d(13).
1040
Let i(m) = m**2 + 893*m + 146225. Calculate i(-216).
-7
Let w(a) = 1299*a + 231230. Determine w(-178).
8
Let o(x) = 183340*x + 916698. Determine o(-5).
-2
Let s(t) = 161*t + 1194. Give s(-10).
-416
Let d(w) = w**3 - 43*w**2 + 347*w - 8911. Calculate d(40).
169
Let x(c) = -38*c**2 + 1849*c + 4533. Determine x(51).
-6
Let l(i) = 37*i**2 - 579*i + 153. Give l(15).
-207
Let a(t) = t**3 + 3*t**2 - 22*t - 66. What is a(-3)?
0
Let t(g) = 124240*g + 4099915. Give t(-33).
-5
Let x(l) = -4*l**2 - 248*l + 2063. Determine x(7).
131
Let g(p) = -p**3 - 27*p**2 + 128*p + 2022. Calculate g(-29).
-8
Let j(u) = 655*u**3 - 284*u + 281. What is j(1)?
652
Let k(z) = 12*z**2 - 32028*z - 32034. What is k(-1)?
6
Let h(r) = -22*r**2 + 582*r - 592. Give h(1).
-32
Let g(v) = -6*v**3 + 44*v**2 + 85*v - 34. Determine g(-2).
20
Let d(m) = -2315*m + 41655. Calculate d(18).
-15
Let v(k) = -744*k - 99183. Give v(-135).
1257
Let d(a) = 189*a + 2720. Calculate d(-16).
-304
Let c(t) = 7350*t - 36852. Determine c(5).
-102
Let j(o) = -3561*o + 591115. Determine j(166).
-11
Let l(c) = 21842*c + 109218. Calculate l(-5).
8
Let y(h) = 2006*h**2 + 22351*h + 3140. Give y(-11).
5
Let c(w) = 24*w**2 + 1788*w + 1783. Determine c(-1).
19
Let i(k) = 3*k**2 - 126*k + 340. Give i(41).
217
Let q(p) = 8*p**2 + 1271*p - 17871. Give q(13).
4
Let l(y) = 2*y**2 + 537*y + 35413. What is l(-152)?
-3
Let y(o) = 4*o**3 - 38*o**2 + 138*o + 35. Calculate y(4).
235
Let n(f) = 1413*f + 11080. Give n(-7).
1189
Let z(q) = -31689*q + 9063042. What is z(286)?
-12
Let b(z) = -1846*z - 131028. Calculate b(-71).
38
Let o(b) = -b**3 + 102*b**2 + 9039*b + 3805. Calculate o(159).
-11
Let o(s) = -2*s**3 - 412*s**2 - 411*s - 151. Give o(-205).
54
Let g(b) = -b**2 + 18466*b - 147664. What is g(8)?
0
Let y(g) = 5919*g - 59234. Give y(10).
-44
Let g(v) = 69*v**2 + 537*v + 1095. Calculate g(-4).
51
Let z(k) = -2*k**3 + 112*k**2 + 10*k - 597. Calculate z(56).
-37
Let p(b) = 2*b**3 + 22*b**2 - 5236*b - 85547. What is p(-17)?
-3
Let c(i) = -3*i**2 + 182155*i + 2186216. Calculate c(-12).
-76
Let s(x) = 644*x + 657. What is s(-1)?
13
Let h(m) = m**2 - 51812*m + 569775. Determine h(11).
-36
Let n(j) = -9188*j + 36997. What is n(4)?
245
Let w(p) = 9*p**2 - 328*p - 161. Give w(35).
-616
Let o(s) = -s**3 - 72*s**2 - 556*s + 822. Determine o(-63).
129
Let y(n) = n**3 - 14*n**2 + 44*n - 95. Determine y(19).
2546
Let b(u) = 13*u**2 - 1865*u - 3727. Determine b(-2).
55
Let h(d) = 7*d**2 + 42*d - 18778. Determine h(-55).
87
Let a(k) = 2*k**2 + 23080*k + 1674196. Calculate a(-73).
14
Let a(k) = -5053*k - 75740. Give a(-15).
55
Let i(b) = 4*b**2 + 2424*b + 4834. Calculate i(-604).
2
Let d(i) = -816*i**2 - 18*i + 19. Calculate d(1).
-815
Let k(x) = -4969*x - 2131695. Determine k(-429).
6
Let z(x) = -3*x**3 + 109*x**2 - 548*x + 18436. What is z(36)?
4
Let a(f) = -f**3 - 10*f**2 + 146*f - 380. What is a(5)?
-25
Let m(k) = -827*k + 5391. Determine m(8).
-1225
Let x(l) = -l**2 - 1526859*l - 7634268. Give x(-5).
2
Let f(b) = -3*b**2 + 356*b + 4192. Give f(-12).
-512
Let h(i) = -19*i**2 + 91*i - 1133. What is h(7)?
-1427
Let w(q) = 252604*q - 7830694. What is w(31)?
30
Let r(t) = 259*t**3 - 41*t**2 + 4*t + 13. What is r(-1)?
-291
Let b(s) = -s**2 + 155148*s - 5273879. Give b(34).
-3
Let q(f) = 815*f + 10112. What is q(-10)?
1962
Let n(b) = -1205*b + 13679. Give n(9).
2834
Let d(c) = 2*c**3 + 139*c**2 - 157*c + 2013. What is d(-71)?
-1963
Let m(o) = -2*o**2 - 92*o + 11458. Give m(-104).
-606
Let l(v) = -2*v**2 + 89*v - 1226. What is l(20)?
-246
Let h(a) = 1564*a + 6753. Calculate h(-3).
2061
Let l(x) = 6*x**3 + 635*x**2 - 117*x - 1174. Determine l(-106).
-8
Let d(s) = 969*s**3 + 25*s**2 + s - 26. Calculate d(1).
969
Let o(n) = 1000*n + 35892. Calculate o(-36).
-108
Let q(i) = -21*i**2 + 350*i + 42. Calculate q(16).
266
Let w(a) = -a**3 + 81*a**2 - 87*a + 331. Give w(80).
-229
Let h(s) = -8*s**3 - 188*s**2 + 521*s + 22. Determine h(-26).
-4
Let n(x) = 23*x**3 - 3143*x**2 + 2014*x + 3529. Calculate n(136).
-7
Let s(u) = 3*u**3 - 13*u**2 + 4*u - 77. What is s(10)?
1663
Let a(f) = -4*f**2 + 20*f - 1310. Determine a(0).
-1310
Let s(z) = -4*z**2 - 10*z + 2276. Determine s(37).
-3570
Let x(f) = -26611*f - 26791. Determine x(-1).
-180
Let i(d) = 10900*d + 534109. Calculate i(-49).
9
Let g(b) = b**2 + 16*b - 603. What is g(-52)?
1269
Let p(i) = 9359*i - 552640. Calculate p(59).
-459
Let x(k) = -2665*k - 55760. Calculate x(-21